{"id":3,"date":"2024-11-07T17:36:26","date_gmt":"2024-11-07T17:36:26","guid":{"rendered":"http:\/\/wildrosen-verlag.de\/?page_id=3"},"modified":"2026-03-07T09:13:37","modified_gmt":"2026-03-07T08:13:37","slug":"privacy-policy","status":"publish","type":"page","link":"https:\/\/wildrosen-verlag.de\/?page_id=3","title":{"rendered":"Impressum"},"content":{"rendered":"\n<p><strong>Wildrosen-Verlag<\/strong><br>Am Sch\u00f6nblick 16<br>67700 Niederkirchen<\/p>\n\n\n\n<p>Telefon&nbsp;<a href=\"tel:+49228421500\">+<\/a>49 1523 636 4646 0<br>E-Mail&nbsp;<a href=\"mailto:service@rheinwerk-verlag.de\">info (at) wildrosen-verlag.de<\/a><\/p>\n\n\n\n<p>Gesch\u00e4ftsf\u00fchrer: Dr. Arne Sauer<\/p>\n\n\n\n<h2 class=\"wp-block-heading\">Rechtliche Hinweise<\/h2>\n\n\n\n<h3 class=\"wp-block-heading\">Beilegung von Streitigkeiten<\/h3>\n\n\n\n<p>Um Unternehmen und Verbrauchern eine zus\u00e4tzliche M\u00f6glichkeit zu geben, Streitigkeiten im Onlinehandel au\u00dfergerichtlich zu kl\u00e4ren und beizulegen, hat die EU-Kommission eine von ihr betriebene Internetseite eingerichtet. Wir sind als Onlineh\u00e4ndler verpflichtet, Sie auf diese \u201eOS-Plattform\u201c (OS steht f\u00fcr \u201eOnline-Streitbeilegung\u201c) genannte Internetseite hinzuweisen. Sie erreichen sie \u00fcber diesen Link:&nbsp;<a href=\"https:\/\/ec.europa.eu\/consumers\/odr\/\">https:\/\/ec.europa.eu\/consumers\/odr\/<\/a><\/p>\n\n\n\n<h3 class=\"wp-block-heading\">Nutzungsrechte<\/h3>\n\n\n\n<p>Die gesamte Website inklusive aller Texte, Bilder, Grafiken und Navigationselemente ist urheberrechtlich gesch\u00fctzt. Alle Rechte vorbehalten. Eine Verwendung, auch von Teilen, ist ohne ausdr\u00fcckliche Zustimmung nicht gestattet.<br><br>\u00a9 Wildrosen Verlag 2025<br><br>Die auf dieser Website wiedergegebenen Gebrauchsnamen, Handelsnamen, Warenbezeichnungen usw. k\u00f6nnen auch ohne besondere Kennzeichnung Marken sein und als solche den gesetzlichen Bestimmungen unterliegen.<\/p>\n\n\n\n<h3 class=\"wp-block-heading\">Haftungs- und Gew\u00e4hrleistungsausschluss f\u00fcr den Inhalt<\/h3>\n\n\n\n<p>Alle auf unseren Internetseiten gemachten Angaben wurden von uns sorgf\u00e4ltig erstellt und gepr\u00fcft. F\u00fcr Richtigkeit, Vollst\u00e4ndigkeit und Aktualit\u00e4t \u00fcbernehmen wir keine Haftung. Alle Angaben dienen ausschlie\u00dflich zur Information der Besucher der Website. Im \u00dcbrigen ist die Haftung auf Vorsatz und grobe Fahrl\u00e4ssigkeit beschr\u00e4nkt.<\/p>\n\n\n\n<h3 class=\"wp-block-heading\">Haftungsausschluss f\u00fcr verlinkte Webseiten<\/h3>\n\n\n\n<p>Die Rheinwerk Verlag GmbH verweist auf den Seiten ihrer Website www.rheinwerk-verlag.de mit Links auf andere Seiten im Internet. F\u00fcr alle diese Links gilt: Die Rheinwerk Verlag GmbH erkl\u00e4rt ausdr\u00fccklich, dass sie keinerlei Einfluss auf die Gestaltung und die Inhalte der verkn\u00fcpften Seiten hat. Deshalb distanzieren wir uns hiermit ausdr\u00fccklich von allen Inhalten aller Seiten Dritter, zu denen ein auf www.rheinwerk-verlag.de angezeigter Link f\u00fchrt, und machen uns diese Inhalte nicht zu eigen.<\/p>\n\n\n\n<p>Die direkt verlinkten Seiten sind zum Zeitpunkt der Verlinkung inhaltlich gepr\u00fcft worden. Sollte Ihnen ein Rechtsversto\u00df auf einer von uns verlinkten Seite auffallen, teilen Sie uns dies bitte umgehend unter&nbsp;<a href=\"mailto:service@rheinwerk-verlag.de\">info@wildrosen-verlag.de<\/a>&nbsp;mit, damit wir den Link gegebenenfalls entfernen k\u00f6nnen. Vielen Dank.<\/p>\n\n\n\n<h3 class=\"wp-block-heading\">Hinweis zu Google Analytics<\/h3>\n\n\n\n<p>Diese Website benutzt Google Analytics, einen Webanalysedienst der Google Inc. (\u00bbGoogle\u00ab). Google Analytics verwendet sogenannte Cookies, Textdateien, die auf Ihrem Computer gespeichert werden und die eine Analyse der Benutzung der Website durch Sie erm\u00f6glichen. Die durch das Cookie erzeugten Informationen \u00fcber Ihre Benutzung dieser Website werden in der Regel an einen Server von Google in den USA \u00fcbertragen und dort gespeichert. Im Falle der Aktivierung der IP-Anonymisierung auf dieser Website, wird Ihre IP-Adresse von Google jedoch innerhalb von Mitgliedstaaten der Europ\u00e4ischen Union oder in anderen Vertragsstaaten des Abkommens \u00fcber den Europ\u00e4ischen Wirtschaftsraum zuvor gek\u00fcrzt. Nur in Ausnahmef\u00e4llen wird die volle IP-Adresse an einen Server von Google in den USA \u00fcbertragen und dort gek\u00fcrzt. Im Auftrag des Betreibers dieser Website wird Google diese Informationen benutzen, um Ihre Nutzung der Website auszuwerten, um Reports \u00fcber die Websiteaktivit\u00e4ten zusammenzustellen und um weitere mit der Websitenutzung und der Internetnutzung verbundene Dienstleistungen gegen\u00fcber dem Websitebetreiber zu erbringen.<\/p>\n\n\n\n<p>Die im Rahmen von Google Analytics von Ihrem Browser \u00fcbermittelte IP-Adresse wird nicht mit anderen Daten von Google zusammengef\u00fchrt. Sie k\u00f6nnen die Speicherung der Cookies durch eine entsprechende Einstellung Ihrer Browser-Software verhindern; wir weisen Sie jedoch darauf hin, dass Sie in diesem Fall gegebenenfalls nicht s\u00e4mtliche Funktionen dieser Website vollumf\u00e4nglich werden nutzen k\u00f6nnen. Sie k\u00f6nnen dar\u00fcber hinaus die Erfassung der durch das Cookie erzeugten und auf Ihre Nutzung der Website bezogenen Daten (inkl. Ihrer IP-Adresse) an Google sowie die Verarbeitung dieser Daten durch Google verhindern, indem Sie das unter dem folgenden Link (<a href=\"http:\/\/tools.google.com\/dlpage\/gaoptout?hl=de\">http:\/\/tools.google.com\/dlpage\/gaoptout?hl=de<\/a>) verf\u00fcgbare Browser-Plugin herunterladen und installieren.<\/p>\n\n\n\n<p>\u00dcber den folgenden Link k\u00f6nnen Sie einen so genannten Opt-out Cookie setzen, der k\u00fcnftig verhindert, dass Ihre Daten beim Besuch dieser Website von Google Analytics erfasst werden:&nbsp;<a>Google Analytics deaktivieren<\/a>. Diese Website verwendet zus\u00e4tzlich die Funktion \u00bbgat._anonymizeIp();\u00ab, die eine Anonymisierung der IP-Adressen bei der Erfassung der Daten sicherstellt.<\/p>\n\n\n\n<p>Die Nutzungsbedingungen und Datenschutzrichtlinien von Google Analytics finden Sie unter&nbsp;<a href=\"http:\/\/www.google.com\/analytics\/terms\/de.html\">http:\/\/www.google.com\/analytics\/terms\/de.html<\/a>&nbsp;und&nbsp;<a href=\"https:\/\/www.google.de\/intl\/de\/policies\/\">https:\/\/www.google.de\/intl\/de\/policies\/<\/a>.Who we are<\/p>\n","protected":false},"excerpt":{"rendered":"<p>Wildrosen-VerlagAm Sch\u00f6nblick 1667700 Niederkirchen Telefon&nbsp;+49 1523 636 4646 0E-Mail&nbsp;info (at) wildrosen-verlag.de Gesch\u00e4ftsf\u00fchrer: Dr. Arne Sauer Rechtliche Hinweise Beilegung von Streitigkeiten Um Unternehmen und Verbrauchern eine zus\u00e4tzliche M\u00f6glichkeit zu geben, Streitigkeiten im Onlinehandel au\u00dfergerichtlich zu kl\u00e4ren und beizulegen, hat die EU-Kommission eine von ihr betriebene Internetseite eingerichtet. Wir sind als Onlineh\u00e4ndler verpflichtet, Sie auf diese \u201eOS-Plattform\u201c&hellip;&nbsp;<a href=\"https:\/\/wildrosen-verlag.de\/?page_id=3\" rel=\"bookmark\">Weiterlesen &raquo;<span class=\"screen-reader-text\">Impressum<\/span><\/a><\/p>\n","protected":false},"author":1,"featured_media":0,"parent":0,"menu_order":0,"comment_status":"closed","ping_status":"open","template":"","meta":{"neve_meta_sidebar":"","neve_meta_container":"","neve_meta_enable_content_width":"","neve_meta_content_width":0,"neve_meta_title_alignment":"","neve_meta_author_avatar":"","neve_post_elements_order":"","neve_meta_disable_header":"","neve_meta_disable_footer":"","neve_meta_disable_title":"","_themeisle_gutenberg_block_has_review":false,"footnotes":""},"class_list":["post-3","page","type-page","status-publish","hentry"],"_links":{"self":[{"href":"https:\/\/wildrosen-verlag.de\/index.php?rest_route=\/wp\/v2\/pages\/3","targetHints":{"allow":["GET"]}}],"collection":[{"href":"https:\/\/wildrosen-verlag.de\/index.php?rest_route=\/wp\/v2\/pages"}],"about":[{"href":"https:\/\/wildrosen-verlag.de\/index.php?rest_route=\/wp\/v2\/types\/page"}],"author":[{"embeddable":true,"href":"https:\/\/wildrosen-verlag.de\/index.php?rest_route=\/wp\/v2\/users\/1"}],"replies":[{"embeddable":true,"href":"https:\/\/wildrosen-verlag.de\/index.php?rest_route=%2Fwp%2Fv2%2Fcomments&post=3"}],"version-history":[{"count":5,"href":"https:\/\/wildrosen-verlag.de\/index.php?rest_route=\/wp\/v2\/pages\/3\/revisions"}],"predecessor-version":[{"id":612,"href":"https:\/\/wildrosen-verlag.de\/index.php?rest_route=\/wp\/v2\/pages\/3\/revisions\/612"}],"wp:attachment":[{"href":"https:\/\/wildrosen-verlag.de\/index.php?rest_route=%2Fwp%2Fv2%2Fmedia&parent=3"}],"curies":[{"name":"wp","href":"https:\/\/api.w.org\/{rel}","templated":true}]}}