{"id":469,"date":"2025-02-01T16:45:54","date_gmt":"2025-02-01T15:45:54","guid":{"rendered":"https:\/\/wildrosen-verlag.de\/?post_type=product&#038;p=469"},"modified":"2025-02-07T06:01:02","modified_gmt":"2025-02-07T05:01:02","slug":"uromas-augustes-rezepte-und-geschichten-aus-der-pfalz","status":"publish","type":"product","link":"https:\/\/wildrosen-verlag.de\/?product=uromas-augustes-rezepte-und-geschichten-aus-der-pfalz","title":{"rendered":"Uromas Augustes Kochbuch aus der Pfalz"},"content":{"rendered":"<p class=\"cvGsUA direction-ltr align-justify para-style-body\"><span class=\"OYPEnA font-feature-liga-off font-feature-clig-off font-feature-calt-off text-decoration-none text-strikethrough-none\">Die 1940 auf einem Bauernhof in Barbelroth geborene Autorin wuchs in der S\u00fcdpfalz auf. Seit 1961 verheiratet, zog sie mit ihrem Mann vier Kinder gro\u00df und f\u00fchrte gemeinsam mit ihm einen Winzerbetrieb.<\/span><\/p>\n<p class=\"cvGsUA direction-ltr align-justify para-style-body\"><span class=\"OYPEnA font-feature-liga-off font-feature-clig-off font-feature-calt-off text-decoration-none text-strikethrough-none\">Ihre Rezepte spiegeln das wahre Leben wider: Mit wenigen, nat\u00fcrlichen Zutaten immer wieder schmackhafte Gerichte zaubern \u2013 diese Grundidee zieht sich durch all diese kulinarischen Kreatione<\/span><\/p>\n<p class=\"cvGsUA direction-ltr align-justify para-style-body\"><span class=\"OYPEnA font-feature-liga-off font-feature-clig-off font-feature-calt-off text-decoration-none text-strikethrough-none\">Dieses Buch vereint die besten Rezepte einer Generation, die aus wenig viel machte. Mit einfachen Zutaten und tausendfach erprobt, stammen die Gerichte aus dem reichen Erfahrungsschatz einer Landfrau aus der S\u00fcdpfalz.<\/span><\/p>\n<p class=\"cvGsUA direction-ltr align-justify para-style-body\"><span class=\"OYPEnA font-feature-liga-off font-feature-clig-off font-feature-calt-off text-decoration-none text-strikethrough-none\">Ein liebevolles Zeugnis von Tradition, Gemeinschaft und kulinarischer Nachhaltigkeit \u2013 f\u00fcr alle, die das ehrliche Essen sch\u00e4tzen.<\/span><\/p>\n","protected":false},"excerpt":{"rendered":"<p>Dieses Buch vereint die besten Rezepte einer Generation, die aus wenig viel machte. Mit einfachen Zutaten und tausendfach erprobt, stammen die Gerichte aus dem reichen Erfahrungsschatz der Landfrauen der S\u00fcdpfalz.<\/p>\n<p>Neben den Rezepten finden sich Geschichten, die die Kinder der Autorin nacherz\u00e4hlt haben, als ihre eigene Kraft nicht mehr reichte. Ein liebevolles Zeugnis von Tradition, Gemeinschaft und kulinarischer Nachhaltigkeit \u2013 f\u00fcr alle, die das ehrliche Essen und die Geschichten dahinter sch\u00e4tzen.<\/p>\n","protected":false},"featured_media":475,"comment_status":"open","ping_status":"closed","template":"","meta":{"neve_meta_sidebar":"","neve_meta_container":"","neve_meta_enable_content_width":"off","neve_meta_content_width":100,"neve_meta_title_alignment":"","neve_meta_author_avatar":"","neve_post_elements_order":"","neve_meta_disable_header":"","neve_meta_disable_footer":"","neve_meta_disable_title":"","_themeisle_gutenberg_block_has_review":false},"product_brand":[],"product_cat":[23],"product_tag":[],"class_list":{"0":"post-469","1":"product","2":"type-product","3":"status-publish","4":"has-post-thumbnail","6":"product_cat-literarische-sachbuecher","8":"first","9":"instock","10":"shipping-taxable","11":"product-type-simple"},"_links":{"self":[{"href":"https:\/\/wildrosen-verlag.de\/index.php?rest_route=\/wp\/v2\/product\/469","targetHints":{"allow":["GET"]}}],"collection":[{"href":"https:\/\/wildrosen-verlag.de\/index.php?rest_route=\/wp\/v2\/product"}],"about":[{"href":"https:\/\/wildrosen-verlag.de\/index.php?rest_route=\/wp\/v2\/types\/product"}],"replies":[{"embeddable":true,"href":"https:\/\/wildrosen-verlag.de\/index.php?rest_route=%2Fwp%2Fv2%2Fcomments&post=469"}],"wp:featuredmedia":[{"embeddable":true,"href":"https:\/\/wildrosen-verlag.de\/index.php?rest_route=\/wp\/v2\/media\/475"}],"wp:attachment":[{"href":"https:\/\/wildrosen-verlag.de\/index.php?rest_route=%2Fwp%2Fv2%2Fmedia&parent=469"}],"wp:term":[{"taxonomy":"product_brand","embeddable":true,"href":"https:\/\/wildrosen-verlag.de\/index.php?rest_route=%2Fwp%2Fv2%2Fproduct_brand&post=469"},{"taxonomy":"product_cat","embeddable":true,"href":"https:\/\/wildrosen-verlag.de\/index.php?rest_route=%2Fwp%2Fv2%2Fproduct_cat&post=469"},{"taxonomy":"product_tag","embeddable":true,"href":"https:\/\/wildrosen-verlag.de\/index.php?rest_route=%2Fwp%2Fv2%2Fproduct_tag&post=469"}],"curies":[{"name":"wp","href":"https:\/\/api.w.org\/{rel}","templated":true}]}}