{"id":566,"date":"2025-08-18T15:42:15","date_gmt":"2025-08-18T13:42:15","guid":{"rendered":"https:\/\/wildrosen-verlag.de\/?post_type=product&#038;p=566"},"modified":"2025-08-18T15:43:28","modified_gmt":"2025-08-18T13:43:28","slug":"magische-stille-ein-roman-ueber-eine-abenteuerliche-reise-und-die-begegnung-mit-sich-selbst","status":"publish","type":"product","link":"https:\/\/wildrosen-verlag.de\/?product=magische-stille-ein-roman-ueber-eine-abenteuerliche-reise-und-die-begegnung-mit-sich-selbst","title":{"rendered":"Magische Stille &#8211; ein Roman \u00fcber eine abenteuerliche Reise und die Begegnung mit sich selbst"},"content":{"rendered":"<h3>Ein Buch \u00fcber eine Abenteuerreise und Selbstfindung &#8211; eine wahre Geschichte.<\/h3>\n<p>Was als einfacher Familienbesuch geplant war, wurde zu einer abenteuerlichen Selbstfindungsreise.<br \/>\nMarcel reist zur Master-Verleihungsfeier seiner Tochter nach Island und macht nebenbei eine Rundreise um die Insel. Was als simple Reise beginnt, wird zu einer transformativen Begegnung mit sich selbst. In den extremen Landschaften Islands &#8211; zwischen Abenteuer und Stille &#8211; entdeckt er die zwei Seiten seiner Pers\u00f6nlichkeit und stellt sich den existentiellen Fragen seines Lebens. Zwischen Schneest\u00fcrmen und einem mysteri\u00f6sen Caf\u00e9, zwischen der wilden Sch\u00f6nheit Islands, entdeckt er eine verbl\u00fcffende Wahrheit \u00fcber sein Leben.<\/p>\n<p>Ein spannender Roman \u00fcber:<br \/>\nEine erlebnisreiche Reise durch Island voller Abenteuer<br \/>\nGro\u00dfe Lebensfragen, verpackt in eine wundervolle Geschichte<br \/>\nAuthentische Einblicke in die Gedankenwelt zur Selbstfindung<br \/>\nDie magischen Momente, die entstehen, wenn wir aufh\u00f6ren zu k\u00e4mpfen<br \/>\nDie Erkenntnis, dass die gef\u00e4hrlichsten St\u00fcrme nicht um uns toben, sondern in uns<\/p>\n<p>Unabh\u00e4ngig davon, ob Du gerade in einer Phase der Ver\u00e4nderung steckst oder auf der Suche nach mehr Sinn in Deinem Leben bist, dieses Buch zur Selbstfindung l\u00e4dt Dich ein, tiefer in das eigene Ich einzutauchen. Lass Dich von Marcel inspirieren und entdecke, wie auch Du durch Reflexion und neue Perspektiven zu Deinem wahren Selbst gelangen kannst. Mach Dich bereit f\u00fcr Deine ganz pers\u00f6nliche Reise zu Dir selbst.<\/p>\n<p>Ein Roman f\u00fcr alle, die sich den existenziellen Fragen des Lebens stellen.<\/p>\n","protected":false},"excerpt":{"rendered":"<p>Was als Familienbesuch beginnt, wird f\u00fcr Marcel zu einer abenteuerlichen Selbstfindungsreise durch die wilde Sch\u00f6nheit Islands. Zwischen Schneest\u00fcrmen, stillen Momenten und \u00fcberraschenden Begegnungen entdeckt er die zwei Seiten seiner Pers\u00f6nlichkeit und stellt sich den gro\u00dfen Fragen des Lebens. Dieser authentische Roman verbindet Abenteuer, Inspiration und tiefgr\u00fcndige Reflexion \u2013 ein Buch f\u00fcr alle, die auf der Suche nach Sinn und innerer Klarheit sind.<\/p>\n<p><a style=\"background-color: #ffb100; color: black; padding: 12px 30px; border: none; border-radius: 25px; font-size: 16px; text-decoration: none; display: inline-block; cursor: pointer;\" href=\"https:\/\/www.amazon.de\/dp\/B0FLWLZ13N\" target=\"_blank\" rel=\"noopener\"><br \/>\nZum Buch bei Amazon<br \/>\n<\/a><\/p>\n","protected":false},"featured_media":562,"comment_status":"open","ping_status":"closed","template":"","meta":{"neve_meta_sidebar":"","neve_meta_container":"","neve_meta_enable_content_width":"off","neve_meta_content_width":100,"neve_meta_title_alignment":"","neve_meta_author_avatar":"","neve_post_elements_order":"","neve_meta_disable_header":"","neve_meta_disable_footer":"","neve_meta_disable_title":"","_themeisle_gutenberg_block_has_review":false},"product_brand":[],"product_cat":[23],"product_tag":[],"class_list":{"0":"post-566","1":"product","2":"type-product","3":"status-publish","4":"has-post-thumbnail","6":"product_cat-literarische-sachbuecher","8":"first","9":"instock","10":"shipping-taxable","11":"purchasable","12":"product-type-simple"},"_links":{"self":[{"href":"https:\/\/wildrosen-verlag.de\/index.php?rest_route=\/wp\/v2\/product\/566","targetHints":{"allow":["GET"]}}],"collection":[{"href":"https:\/\/wildrosen-verlag.de\/index.php?rest_route=\/wp\/v2\/product"}],"about":[{"href":"https:\/\/wildrosen-verlag.de\/index.php?rest_route=\/wp\/v2\/types\/product"}],"replies":[{"embeddable":true,"href":"https:\/\/wildrosen-verlag.de\/index.php?rest_route=%2Fwp%2Fv2%2Fcomments&post=566"}],"wp:featuredmedia":[{"embeddable":true,"href":"https:\/\/wildrosen-verlag.de\/index.php?rest_route=\/wp\/v2\/media\/562"}],"wp:attachment":[{"href":"https:\/\/wildrosen-verlag.de\/index.php?rest_route=%2Fwp%2Fv2%2Fmedia&parent=566"}],"wp:term":[{"taxonomy":"product_brand","embeddable":true,"href":"https:\/\/wildrosen-verlag.de\/index.php?rest_route=%2Fwp%2Fv2%2Fproduct_brand&post=566"},{"taxonomy":"product_cat","embeddable":true,"href":"https:\/\/wildrosen-verlag.de\/index.php?rest_route=%2Fwp%2Fv2%2Fproduct_cat&post=566"},{"taxonomy":"product_tag","embeddable":true,"href":"https:\/\/wildrosen-verlag.de\/index.php?rest_route=%2Fwp%2Fv2%2Fproduct_tag&post=566"}],"curies":[{"name":"wp","href":"https:\/\/api.w.org\/{rel}","templated":true}]}}